{"id":202,"date":"2021-01-07T16:38:38","date_gmt":"2021-01-07T16:38:38","guid":{"rendered":"https:\/\/www.gruene-reinheim.de\/?page_id=202"},"modified":"2026-04-21T11:20:06","modified_gmt":"2026-04-21T09:20:06","slug":"gemeindevertretung","status":"publish","type":"page","link":"https:\/\/www.gruene-reinheim.de\/?page_id=202","title":{"rendered":"Stadtverordnetenversammlung"},"content":{"rendered":"\n<h2 class=\"wp-block-heading\">Stadtverordnetenversammlung \u2013 oberstes Beschlussorgan<\/h2>\n\n\n\n<p>Entsprechend der Hessische Gemeindeordnung (HGO) ist die Stadtverordnetenversammlung das oberste Beschlussorgan unserer Stadt. Aufgrund der Einwohnerzahl besteht sie aus 37 Vertreterinnen und -vertretern, die alle f\u00fcnf Jahre im Rahmen der Kommunalwahl durch die B\u00fcrger gew\u00e4hlt werden. Zu den wesentlichen Aufgaben der Stadtverordnetenversammlung geh\u00f6rt die Beratung und Beschlussfassung des Haushalts, der Bebauungspl\u00e4ne sowie der weiteren gemeindlichen Satzungen. Die Stadtverordnetenversammlung w\u00e4hlt die ehrenamtlichen Stadtr\u00e4te und \u00fcberwacht die gesamte Verwaltung der Stadt sowie die Gesch\u00e4ftsf\u00fchrung des Magistrats.<br>Unsere Stadtverordnetenversammlung hat 3 Aussch\u00fcsse, die die Beschlussfassung der Stadtverordnetenversammlung vorbereiten. Dies sind:<\/p>\n\n\n\n<p>Haupt-, Finanz- und Wirtschaftsf\u00f6rderungsausschuss<br>Ausschuss f\u00fcr Bau, Verkehr, Stadtentwicklung, Umwelt, Klima und Landwirtschaft<br>Ausschuss f\u00fcr Soziales, Gesundheit, Jugend, Sport- und Kultur<\/p>\n\n\n\n<p>Die Sitzungen der Stadtverordnetenversammlung und der Aussch\u00fcsse sind \u00f6ffentlich.<\/p>\n\n\n\n<p><strong>Unsere Mitglieder in der Stadtverordnetenversammlung und den Aussch\u00fcssen<\/strong>:<\/p>\n\n\n\n<p><\/p>\n\n\n\n<p><\/p>\n\n\n\n<div class=\"wp-block-media-text alignwide has-media-on-the-right is-stacked-on-mobile has-background\" style=\"background-color:#46962b\"><div class=\"wp-block-media-text__content\">\n<p class=\"has-medium-font-size\">Dagmar Strobel<\/p>\n\n\n\n<p>Fraktionsvorsitzende<\/p>\n\n\n\n<p>Mitglied im Haupt-, Finanz- und Wirtschaftsf\u00f6rderungsausschuss<\/p>\n<\/div><figure class=\"wp-block-media-text__media\"><img loading=\"lazy\" decoding=\"async\" width=\"800\" height=\"800\" src=\"https:\/\/www.gruene-reinheim.de\/wp-content\/uploads\/2026\/01\/dagmar-listenplatz-1-gruene-reinheim.webp\" alt=\"\" class=\"wp-image-2563 size-full\" srcset=\"https:\/\/www.gruene-reinheim.de\/wp-content\/uploads\/2026\/01\/dagmar-listenplatz-1-gruene-reinheim.webp 800w, https:\/\/www.gruene-reinheim.de\/wp-content\/uploads\/2026\/01\/dagmar-listenplatz-1-gruene-reinheim-400x400.webp 400w, https:\/\/www.gruene-reinheim.de\/wp-content\/uploads\/2026\/01\/dagmar-listenplatz-1-gruene-reinheim-150x150.webp 150w, https:\/\/www.gruene-reinheim.de\/wp-content\/uploads\/2026\/01\/dagmar-listenplatz-1-gruene-reinheim-768x768.webp 768w\" sizes=\"auto, (max-width: 800px) 100vw, 800px\" \/><\/figure><\/div>\n\n\n\n<p><\/p>\n\n\n\n<div class=\"wp-block-media-text alignwide is-stacked-on-mobile has-background\" style=\"background-color:#46962b\"><figure class=\"wp-block-media-text__media\"><img loading=\"lazy\" decoding=\"async\" width=\"800\" height=\"800\" src=\"https:\/\/www.gruene-reinheim.de\/wp-content\/uploads\/2026\/01\/flo-listenplatz-3-gruene-reinheim.webp\" alt=\"\" class=\"wp-image-2565 size-full\" srcset=\"https:\/\/www.gruene-reinheim.de\/wp-content\/uploads\/2026\/01\/flo-listenplatz-3-gruene-reinheim.webp 800w, https:\/\/www.gruene-reinheim.de\/wp-content\/uploads\/2026\/01\/flo-listenplatz-3-gruene-reinheim-400x400.webp 400w, https:\/\/www.gruene-reinheim.de\/wp-content\/uploads\/2026\/01\/flo-listenplatz-3-gruene-reinheim-150x150.webp 150w, https:\/\/www.gruene-reinheim.de\/wp-content\/uploads\/2026\/01\/flo-listenplatz-3-gruene-reinheim-768x768.webp 768w\" sizes=\"auto, (max-width: 800px) 100vw, 800px\" \/><\/figure><div class=\"wp-block-media-text__content\">\n<p class=\"has-medium-font-size\">Florian Darmst\u00e4dter<\/p>\n\n\n\n<p>stellvertretender Fraktionsvorsitzender<\/p>\n\n\n\n<p>Ausschuss f\u00fcr Bau, Verkehr, Stadtentwicklung, Umwelt, Klima und Landwirtschaft<\/p>\n<\/div><\/div>\n\n\n\n<p><\/p>\n\n\n\n<div class=\"wp-block-media-text alignwide has-media-on-the-right is-stacked-on-mobile has-background\" style=\"background-color:#46962b\"><div class=\"wp-block-media-text__content\">\n<p class=\"has-medium-font-size\">Yannick Friedl<\/p>\n\n\n\n<p><\/p>\n\n\n\n<p class=\"has-black-color has-text-color\"><\/p>\n<\/div><figure class=\"wp-block-media-text__media\"><img loading=\"lazy\" decoding=\"async\" width=\"800\" height=\"800\" src=\"https:\/\/www.gruene-reinheim.de\/wp-content\/uploads\/2026\/01\/yannick-listenplatz-2-gruene-reinheim.webp\" alt=\"\" class=\"wp-image-2574 size-full\" srcset=\"https:\/\/www.gruene-reinheim.de\/wp-content\/uploads\/2026\/01\/yannick-listenplatz-2-gruene-reinheim.webp 800w, https:\/\/www.gruene-reinheim.de\/wp-content\/uploads\/2026\/01\/yannick-listenplatz-2-gruene-reinheim-400x400.webp 400w, https:\/\/www.gruene-reinheim.de\/wp-content\/uploads\/2026\/01\/yannick-listenplatz-2-gruene-reinheim-150x150.webp 150w, https:\/\/www.gruene-reinheim.de\/wp-content\/uploads\/2026\/01\/yannick-listenplatz-2-gruene-reinheim-768x768.webp 768w\" sizes=\"auto, (max-width: 800px) 100vw, 800px\" \/><\/figure><\/div>\n\n\n\n<p><\/p>\n\n\n\n<div class=\"wp-block-media-text alignwide is-stacked-on-mobile has-background\" style=\"background-color:#46962b\"><figure class=\"wp-block-media-text__media\"><img loading=\"lazy\" decoding=\"async\" width=\"800\" height=\"800\" src=\"https:\/\/www.gruene-reinheim.de\/wp-content\/uploads\/2026\/01\/alexander-listenplatz-2-gruene-reinheim.webp\" alt=\"\" class=\"wp-image-2560 size-full\" srcset=\"https:\/\/www.gruene-reinheim.de\/wp-content\/uploads\/2026\/01\/alexander-listenplatz-2-gruene-reinheim.webp 800w, https:\/\/www.gruene-reinheim.de\/wp-content\/uploads\/2026\/01\/alexander-listenplatz-2-gruene-reinheim-400x400.webp 400w, https:\/\/www.gruene-reinheim.de\/wp-content\/uploads\/2026\/01\/alexander-listenplatz-2-gruene-reinheim-150x150.webp 150w, https:\/\/www.gruene-reinheim.de\/wp-content\/uploads\/2026\/01\/alexander-listenplatz-2-gruene-reinheim-768x768.webp 768w\" sizes=\"auto, (max-width: 800px) 100vw, 800px\" \/><\/figure><div class=\"wp-block-media-text__content\">\n<p class=\"has-medium-font-size\">Alexander Schneider<\/p>\n\n\n\n<p>Ausschuss f\u00fcr Soziales, Gesundheit, Jugend, Sport- und Kultur<\/p>\n<\/div><\/div>\n\n\n\n<p><\/p>\n\n\n\n<div class=\"wp-block-media-text alignwide has-media-on-the-right is-stacked-on-mobile has-background\" style=\"background-color:#46962b\"><div class=\"wp-block-media-text__content\">\n<p class=\"has-medium-font-size\">J\u00fcrgen Wojts-Saary<\/p>\n\n\n\n<p><\/p>\n<\/div><figure class=\"wp-block-media-text__media\"><img loading=\"lazy\" decoding=\"async\" width=\"800\" height=\"800\" src=\"https:\/\/www.gruene-reinheim.de\/wp-content\/uploads\/2026\/01\/juergen-listenplatz-5-gruene-reinheim.webp\" alt=\"\" class=\"wp-image-2570 size-full\" srcset=\"https:\/\/www.gruene-reinheim.de\/wp-content\/uploads\/2026\/01\/juergen-listenplatz-5-gruene-reinheim.webp 800w, https:\/\/www.gruene-reinheim.de\/wp-content\/uploads\/2026\/01\/juergen-listenplatz-5-gruene-reinheim-400x400.webp 400w, https:\/\/www.gruene-reinheim.de\/wp-content\/uploads\/2026\/01\/juergen-listenplatz-5-gruene-reinheim-150x150.webp 150w, https:\/\/www.gruene-reinheim.de\/wp-content\/uploads\/2026\/01\/juergen-listenplatz-5-gruene-reinheim-768x768.webp 768w\" sizes=\"auto, (max-width: 800px) 100vw, 800px\" \/><\/figure><\/div>\n\n\n\n<p><\/p>\n","protected":false},"excerpt":{"rendered":"<p>Stadtverordnetenversammlung \u2013 oberstes Beschlussorgan Entsprechend der Hessische Gemeindeordnung (HGO) ist die Stadtverordnetenversammlung das oberste Beschlussorgan unserer Stadt. Aufgrund der Einwohnerzahl besteht sie aus 37 Vertreterinnen und -vertretern, die alle f\u00fcnf [&hellip;]<\/p>\n","protected":false},"author":5,"featured_media":0,"parent":212,"menu_order":1,"comment_status":"closed","ping_status":"closed","template":"","meta":{"footnotes":""},"class_list":["post-202","page","type-page","status-publish","hentry"],"_links":{"self":[{"href":"https:\/\/www.gruene-reinheim.de\/index.php?rest_route=\/wp\/v2\/pages\/202","targetHints":{"allow":["GET"]}}],"collection":[{"href":"https:\/\/www.gruene-reinheim.de\/index.php?rest_route=\/wp\/v2\/pages"}],"about":[{"href":"https:\/\/www.gruene-reinheim.de\/index.php?rest_route=\/wp\/v2\/types\/page"}],"author":[{"embeddable":true,"href":"https:\/\/www.gruene-reinheim.de\/index.php?rest_route=\/wp\/v2\/users\/5"}],"replies":[{"embeddable":true,"href":"https:\/\/www.gruene-reinheim.de\/index.php?rest_route=%2Fwp%2Fv2%2Fcomments&post=202"}],"version-history":[{"count":63,"href":"https:\/\/www.gruene-reinheim.de\/index.php?rest_route=\/wp\/v2\/pages\/202\/revisions"}],"predecessor-version":[{"id":2832,"href":"https:\/\/www.gruene-reinheim.de\/index.php?rest_route=\/wp\/v2\/pages\/202\/revisions\/2832"}],"up":[{"embeddable":true,"href":"https:\/\/www.gruene-reinheim.de\/index.php?rest_route=\/wp\/v2\/pages\/212"}],"wp:attachment":[{"href":"https:\/\/www.gruene-reinheim.de\/index.php?rest_route=%2Fwp%2Fv2%2Fmedia&parent=202"}],"curies":[{"name":"wp","href":"https:\/\/api.w.org\/{rel}","templated":true}]}}

<h2 class="wp-block-heading">Stadtverordnetenversammlung – oberstes Beschlussorgan</h2>



<p>Entsprechend der Hessische Gemeindeordnung (HGO) ist die Stadtverordnetenversammlung das oberste Beschlussorgan unserer Stadt. Aufgrund der Einwohnerzahl besteht sie aus 37 Vertreterinnen und -vertretern, die alle fünf Jahre im Rahmen der Kommunalwahl durch die Bürger gewählt werden. Zu den wesentlichen Aufgaben der Stadtverordnetenversammlung gehört die Beratung und Beschlussfassung des Haushalts, der Bebauungspläne sowie der weiteren gemeindlichen Satzungen. Die Stadtverordnetenversammlung wählt die ehrenamtlichen Stadträte und überwacht die gesamte Verwaltung der Stadt sowie die Geschäftsführung des Magistrats.<br>Unsere Stadtverordnetenversammlung hat 3 Ausschüsse, die die Beschlussfassung der Stadtverordnetenversammlung vorbereiten. Dies sind:</p>



<p>Haupt-, Finanz- und Wirtschaftsförderungsausschuss<br>Ausschuss für Bau, Verkehr, Stadtentwicklung, Umwelt, Klima und Landwirtschaft<br>Ausschuss für Soziales, Gesundheit, Jugend, Sport- und Kultur</p>



<p>Die Sitzungen der Stadtverordnetenversammlung und der Ausschüsse sind öffentlich.</p>



<p><strong>Unsere Mitglieder in der Stadtverordnetenversammlung und den Ausschüssen</strong>:</p>



<p></p>



<p></p>



<div class="wp-block-media-text alignwide has-media-on-the-right is-stacked-on-mobile has-background" style="background-color:#46962b"><div class="wp-block-media-text__content">
<p class="has-medium-font-size">Dagmar Strobel</p>



<p>Fraktionsvorsitzende</p>



<p>Mitglied im Haupt-, Finanz- und Wirtschaftsförderungsausschuss</p>
</div><figure class="wp-block-media-text__media"><img loading="lazy" decoding="async" width="800" height="800" src="https://www.gruene-reinheim.de/wp-content/uploads/2026/01/dagmar-listenplatz-1-gruene-reinheim.webp" alt="" class="wp-image-2563 size-full" srcset="https://www.gruene-reinheim.de/wp-content/uploads/2026/01/dagmar-listenplatz-1-gruene-reinheim.webp 800w, https://www.gruene-reinheim.de/wp-content/uploads/2026/01/dagmar-listenplatz-1-gruene-reinheim-400x400.webp 400w, https://www.gruene-reinheim.de/wp-content/uploads/2026/01/dagmar-listenplatz-1-gruene-reinheim-150x150.webp 150w, https://www.gruene-reinheim.de/wp-content/uploads/2026/01/dagmar-listenplatz-1-gruene-reinheim-768x768.webp 768w" sizes="auto, (max-width: 800px) 100vw, 800px" /></figure></div>



<p></p>



<div class="wp-block-media-text alignwide is-stacked-on-mobile has-background" style="background-color:#46962b"><figure class="wp-block-media-text__media"><img loading="lazy" decoding="async" width="800" height="800" src="https://www.gruene-reinheim.de/wp-content/uploads/2026/01/flo-listenplatz-3-gruene-reinheim.webp" alt="" class="wp-image-2565 size-full" srcset="https://www.gruene-reinheim.de/wp-content/uploads/2026/01/flo-listenplatz-3-gruene-reinheim.webp 800w, https://www.gruene-reinheim.de/wp-content/uploads/2026/01/flo-listenplatz-3-gruene-reinheim-400x400.webp 400w, https://www.gruene-reinheim.de/wp-content/uploads/2026/01/flo-listenplatz-3-gruene-reinheim-150x150.webp 150w, https://www.gruene-reinheim.de/wp-content/uploads/2026/01/flo-listenplatz-3-gruene-reinheim-768x768.webp 768w" sizes="auto, (max-width: 800px) 100vw, 800px" /></figure><div class="wp-block-media-text__content">
<p class="has-medium-font-size">Florian Darmstädter</p>



<p>stellvertretender Fraktionsvorsitzender</p>



<p>Ausschuss für Bau, Verkehr, Stadtentwicklung, Umwelt, Klima und Landwirtschaft</p>
</div></div>



<p></p>



<div class="wp-block-media-text alignwide has-media-on-the-right is-stacked-on-mobile has-background" style="background-color:#46962b"><div class="wp-block-media-text__content">
<p class="has-medium-font-size">Yannick Friedl</p>



<p></p>



<p class="has-black-color has-text-color"></p>
</div><figure class="wp-block-media-text__media"><img loading="lazy" decoding="async" width="800" height="800" src="https://www.gruene-reinheim.de/wp-content/uploads/2026/01/yannick-listenplatz-2-gruene-reinheim.webp" alt="" class="wp-image-2574 size-full" srcset="https://www.gruene-reinheim.de/wp-content/uploads/2026/01/yannick-listenplatz-2-gruene-reinheim.webp 800w, https://www.gruene-reinheim.de/wp-content/uploads/2026/01/yannick-listenplatz-2-gruene-reinheim-400x400.webp 400w, https://www.gruene-reinheim.de/wp-content/uploads/2026/01/yannick-listenplatz-2-gruene-reinheim-150x150.webp 150w, https://www.gruene-reinheim.de/wp-content/uploads/2026/01/yannick-listenplatz-2-gruene-reinheim-768x768.webp 768w" sizes="auto, (max-width: 800px) 100vw, 800px" /></figure></div>



<p></p>



<div class="wp-block-media-text alignwide is-stacked-on-mobile has-background" style="background-color:#46962b"><figure class="wp-block-media-text__media"><img loading="lazy" decoding="async" width="800" height="800" src="https://www.gruene-reinheim.de/wp-content/uploads/2026/01/alexander-listenplatz-2-gruene-reinheim.webp" alt="" class="wp-image-2560 size-full" srcset="https://www.gruene-reinheim.de/wp-content/uploads/2026/01/alexander-listenplatz-2-gruene-reinheim.webp 800w, https://www.gruene-reinheim.de/wp-content/uploads/2026/01/alexander-listenplatz-2-gruene-reinheim-400x400.webp 400w, https://www.gruene-reinheim.de/wp-content/uploads/2026/01/alexander-listenplatz-2-gruene-reinheim-150x150.webp 150w, https://www.gruene-reinheim.de/wp-content/uploads/2026/01/alexander-listenplatz-2-gruene-reinheim-768x768.webp 768w" sizes="auto, (max-width: 800px) 100vw, 800px" /></figure><div class="wp-block-media-text__content">
<p class="has-medium-font-size">Alexander Schneider</p>



<p>Ausschuss für Soziales, Gesundheit, Jugend, Sport- und Kultur</p>
</div></div>



<p></p>



<div class="wp-block-media-text alignwide has-media-on-the-right is-stacked-on-mobile has-background" style="background-color:#46962b"><div class="wp-block-media-text__content">
<p class="has-medium-font-size">Jürgen Wojts-Saary</p>



<p></p>
</div><figure class="wp-block-media-text__media"><img loading="lazy" decoding="async" width="800" height="800" src="https://www.gruene-reinheim.de/wp-content/uploads/2026/01/juergen-listenplatz-5-gruene-reinheim.webp" alt="" class="wp-image-2570 size-full" srcset="https://www.gruene-reinheim.de/wp-content/uploads/2026/01/juergen-listenplatz-5-gruene-reinheim.webp 800w, https://www.gruene-reinheim.de/wp-content/uploads/2026/01/juergen-listenplatz-5-gruene-reinheim-400x400.webp 400w, https://www.gruene-reinheim.de/wp-content/uploads/2026/01/juergen-listenplatz-5-gruene-reinheim-150x150.webp 150w, https://www.gruene-reinheim.de/wp-content/uploads/2026/01/juergen-listenplatz-5-gruene-reinheim-768x768.webp 768w" sizes="auto, (max-width: 800px) 100vw, 800px" /></figure></div>



<p></p>

<p>Stadtverordnetenversammlung – oberstes Beschlussorgan Entsprechend der Hessische Gemeindeordnung (HGO) ist die Stadtverordnetenversammlung das oberste Beschlussorgan unserer Stadt. Aufgrund der Einwohnerzahl besteht sie aus 37 Vertreterinnen und -vertretern, die alle fünf [&hellip;]</p>
