{"id":1127,"date":"2021-02-21T23:12:07","date_gmt":"2021-02-21T22:12:07","guid":{"rendered":"https:\/\/www.gruene-reinheim.de\/?page_id=1127"},"modified":"2021-06-22T13:14:15","modified_gmt":"2021-06-22T11:14:15","slug":"fragen-an-die-kandatinnen","status":"publish","type":"page","link":"https:\/\/www.gruene-reinheim.de\/?page_id=1127","title":{"rendered":"Fragen an die Kandidat*innen"},"content":{"rendered":"\n<p>F\u00fcr unsere <a rel=\"noreferrer noopener\" href=\"https:\/\/www.gruene-reinheim.de\/wp-content\/uploads\/2021\/02\/2021_03.pdf\" target=\"_blank\">Wahl-Zeitung<\/a> habe wir einige Interviews gef\u00fchrt, die hier in ganzer L\u00e4nge zu lesen sind.<\/p>\n\n\n\n<div class=\"wp-block-genesis-blocks-gb-accordion gb-block-accordion\"><details><summary class=\"gb-accordion-title\">Dagmar Strobel<\/summary><div class=\"gb-accordion-text\">\n<p><em><strong>Du kandidierst wieder f\u00fcr die Gr\u00fcnen bei der Kommunalwahl am 14.M\u00e4rz, was treibt Dich an?<\/strong><\/em><\/p>\n\n\n\n<p>Unsere\/meine Ziele sind noch lange nicht erreicht. Ich habe mich gerade warmgelaufen in der Kommunalpolitik und m\u00f6chte weiter dazu beitragen hier vor Ort positiven Einfluss auf die Klimapolitik, die Verkehrspolitik und die Stadtgestaltung zu nehmen.<\/p>\n\n\n\n<p><em><strong>Welche Themen sind Dir pers\u00f6nlich besonders wichtig?<\/strong><\/em><\/p>\n\n\n\n<p>Besonders wichtig ist mir der Erhalt unserer Erde mit einem Leben in sozialer Gerechtigkeit f\u00fcr alle &#8211; h\u00f6rt sich wie ein unrealistischer Wunschtraum an, ist aber mein Ziel. Ich bin mehrfache Mutter und Gro\u00dfmutter und f\u00fchle mich nat\u00fcrlich mitverantwortlich f\u00fcr die n\u00e4chsten Generationen. Wir alle haben zu lange nur zugeschaut welche Katastrophen auf uns zukommen werden und es ging alles weiter seinen Gang. Ein weiter so kommt f\u00fcr mich nicht mehr in Frage. Mit Erich Fried: wer will, dass die Welt so bleibt wie sie ist, der will nicht, dass sie bleibt.<\/p>\n\n\n\n<p><em><strong>Welche Auswirkungen hat die Kommunalwahl Deiner Meinung nach auf die Bundestagswahlen?<\/strong><\/em><\/p>\n\n\n\n<p>Ich hoffe eine gro\u00dfe \u2013 denn ein gro\u00dfer Teil der gr\u00fcnen Politik wird in den Kommunen gemacht, erreicht viele Menschen im direkten Dialog und bietet allen die M\u00f6glichkeit, an den notwendigen Ver\u00e4nderungen mitzuarbeiten\/teilzuhaben und die politischen und \u00f6konomischen Ziele mit den eigenen Bedingungen und Vorstellungen zu verbinden.<\/p>\n\n\n\n<p><em><strong>Wie schaffen wir es Deiner Meinung nach den allen bekannten Themen wie Anti-demokratisierung und Klimawandel schneller entgegenzuwirken und wichtige Zwischenziele zu erreichen?<\/strong><\/em><\/p>\n\n\n\n<p>Ich denke, dass wir auf allen Ebenen antidemokratischen Bestrebungen und nat\u00fcrlich dem Raubbau an unserer Lebensgrundlage entgegenzuwirken m\u00fcssen. Besser und schneller zu Zielen bzw. Zwischenzielen kommen wir, wenn sich in jedem Ort viele Menschen finden, die gemeinsam f\u00fcr unsere demokratische und klimaneutrale Zukunft eintreten.<\/p>\n\n\n\n<p><em><strong>Welche Ma\u00dfnahmen in der Pandemie h\u00e4ltst Du f\u00fcr besonders wichtig bzw. wirksam?<\/strong><\/em><\/p>\n\n\n\n<p>Das solidarische Handeln aller B\u00fcrger, um die Ausbreitung des Virus zu verhindern.<\/p>\n\n\n\n<p>Um das sicherzustellen, m\u00fcssen die staatlichen Hilfen f\u00fcr alle, die durch die Lock-Downs in existenzielle Not geraten, z\u00fcgig und so unb\u00fcrokratisch wie irgend m\u00f6glich zur Verf\u00fcgung gestellt werden. Und alle die, deren Arbeitskraft jetzt so sehr gebraucht wird wie Dienstleistungen in der Kranken- und Alten-Pflege, Mitarbeiter*innen in der Kinderbetreuung, im Handel und in der Produktion m\u00fcssen wir in ihren Tarifverhandlungen f\u00fcr eine gerechtere Bezahlung und bessere Arbeitsbedingungen massiv unterst\u00fctzen.<\/p>\n\n\n\n<p><em><strong>Was ist f\u00fcr Reinheim aus Deiner Sicht besonders wichtig?<\/strong><\/em><\/p>\n\n\n\n<p>Ich lebe gerne in Reinheim und genie\u00dfe die landschaftliche Lage \u2013 der sch\u00f6ne Odenwald vor der T\u00fcr und trotzdem kurze Wege in die gro\u00dfen St\u00e4dte im Umland. Daher w\u00fcnsche ich mir, dass wir alles tun, um Reinheim gesund und lebenswert erhalten: weniger Verkehr, weniger Gift auf den \u00c4ckern, weniger Armut, weniger CO2-Aussto\u00df, noch bessere Kinderbetreuung, noch viel mehr Gr\u00fcn in der Stadt, noch bessere \u00e4rztliche Versorgung und vieles mehr. Und ich hoffe auf eine neue Stadtverordnetenversammlung, die fair und sachbezogen ihre Aufgabenstellungen wahrnimmt.<\/p>\n<\/div><\/details><\/div>\n\n\n\n<div class=\"wp-block-genesis-blocks-gb-accordion gb-block-accordion\"><details><summary class=\"gb-accordion-title\">Sharleen Ebling<\/summary><div class=\"gb-accordion-text\">\n<p><em><strong>Du kandidierst f\u00fcr die Gr\u00fcne Jugend Darmstadt \/ Dieburg bei der Kommunalwahl am 14.M\u00e4rz, was treibt Dich an?<\/strong><\/em><\/p>\n\n\n\n<p>Ich kenne viele junge Menschen in Reinheim und Umgebung, die sehr unzufrieden damit sind, wie die Infrastruktur f\u00fcr junge Leute ausgelegt ist, seien es die wenigen Pl\u00e4tze zum Verweilen oder die fehlenden Busse bei Nacht.<\/p>\n\n\n\n<p>Irgendwann habe ich mir dann gesagt: \u201eSharleen, wenn du meckern kannst, kannst du auch was daf\u00fcr tun, dass sich was \u00e4ndert.\u201c Dann bin ich bei den Gr\u00fcnen aufgetaucht und seit 2018 geblieben. Oftmals treibt es die Jugend in die Weltpolitik, doch vor der Haust\u00fcr etwas ver\u00e4ndern zu k\u00f6nnen, ist etwas komplett anderes und f\u00fcr mich sehr viel greifbarer.<\/p>\n\n\n\n<p><em><strong>Du bist bei der Gr\u00fcnen Jugend, was macht die Jugend anders als die Gr\u00fcnen?<\/strong><\/em><\/p>\n\n\n\n<p>Die Jugend ist oft politisch linker als die Generation, die jetzt prim\u00e4r an der Kommunalpolitik beteiligt ist. Wir sind, denke ich, feministischer, progressiver, vernetzter mit der heutigen Zeit. Nat\u00fcrlich sind die Gr\u00fcnen, die schon lange dabei sind, viel erfahrener und kennen sich besser in der Kommunalpolitik aus. Dennoch ist auch auf dieser Ebene noch Platz f\u00fcr Weiterentwicklung und Einflussnahme junger Ideen und Werte.<\/p>\n\n\n\n<p><em><strong>Was sind die Themen, mit denen Du deine Mitmenschen begeistern kannst?<\/strong><\/em><\/p>\n\n\n\n<p>Themen, die mich selbst begeistern und f\u00fcr die ich junge Menschen begeistern kann sind zum Beispiel die Partizipation f\u00fcr Jugendliche am politischen Geschehen nicht nur auf Bundes- oder Landesebene, sondern auch auf Kommunalebene. Die Politik muss f\u00fcr j\u00fcngere Generationen transparenter und greifbarer gemacht werden, wir m\u00fcssen sehen k\u00f6nnen, dass wir etwas ver\u00e4ndern k\u00f6nnen. Daf\u00fcr will ich mich einsetzen.<\/p>\n\n\n\n<p><em><strong>Wie geht es der Jugend mit der Pandemie?<\/strong><\/em><\/p>\n\n\n\n<p>Diese Frage ist tats\u00e4chlich sehr vielschichtig.<\/p>\n\n\n\n<p>Viele Jugendliche f\u00fchlen sich im Stich gelassen von der Corona-Bundespolitik. Jetzt nach der Schule oder w\u00e4hrend der Ausbildung, dem Studium, sind viele mittellos &#8211; man h\u00e4ngt in der Schwebe. Wir haben weder Arbeit noch Geld, um eine Wohnung zu bezahlen und Online-Unterricht ist f\u00fcr viele nicht das Medium, um effektiv zu lernen. Auch findet man \u00fcber Online-Unterricht so gut wie gar keine sozialen Kontakte. Es ist definitiv ein Privileg, \u00fcberhaupt diesen Unterricht haben zu k\u00f6nnen, doch erwartet jede*r wohl, dass \u201edie Jugend\u201c damit sofort klarkommt, da wir vergleichbar technik-affiner sind.<\/p>\n\n\n\n<p>Womit wir nur schwer klarkommen, ist die mentale Belastung einer Pandemie gepaart mit Zukunfts- und Existenz\u00e4ngsten, die nicht nur auf uns, sondern auch auf unsere Familien lastet. Vor allem, weil wir nicht sehen, wann wir wieder in die Normalit\u00e4t zur\u00fcckkehren k\u00f6nnen.<\/p>\n\n\n\n<p>Wir brauchen Hilfe mit Freiversuchen bei Klausuren, Semestern, die nicht in die Regelstudienzeit miteingerechnet werden (auch wegen Baf\u00f6g) und vor allem finanzielle Hilfe! Nicht jede*r kann einfach zur\u00fcck zu den Eltern ziehen.<\/p>\n\n\n\n<p><em><strong>Gibt es f\u00fcr dich Themen, die aus Deiner Sicht ungerecht sind zwischen den Generationen und kann dies ggf. \u00fcber einen erweiterten Generationenvertrag geregelt werden?<\/strong><\/em><\/p>\n\n\n\n<p>Was mich st\u00f6rt, ist, dass die Entscheidungen, die \u00fcber meine Zukunft getroffen werden, nicht von meiner Generation mitgestaltet wird. Die Bundespolitik besteht nicht mal zu einem Bruchteil aus Menschen unter 40. Uns wird der Weg in die Zukunft nicht geebnet, sondern m\u00f6glicherweise sogar vollst\u00e4ndig verbaut durch fehlenden Klimaschutz, ein veraltetes Bildungssystem und Chancenungleichheit. Bei dieser Frage kommt mir auch direkt zuk\u00fcnftige Vereinbarkeit von Familie und Beruf und Rentenvorsorge, wie auch die Nachhaltigkeit und Konsequenzen von politischen Entscheidungen in den Kopf.<\/p>\n\n\n\n<p><em><strong>Was ist f\u00fcr Reinheim aus Deiner Sicht besonders wichtig?<\/strong><\/em><\/p>\n\n\n\n<p>Reinheim ist eine unglaublich lebhafte, facettenreiche Stadt, voller Kultur- und Sportangeboten, umgeben von einer sch\u00f6nen Natur (Seewiesen, Reinheimer Teich) die wir definitiv mit allen Mitteln erhalten m\u00fcssen. Reinheim soll nicht nur eine \u201eDurchfahrtsstadt\u201c sein, sondern noch attraktiver zum Verweilen im Stadtzentrum werden. Gerade f\u00fcr junge Menschen fehlen hier noch interessante Angebote, die barrierefrei und kosteng\u00fcnstig sind und nicht nur aus einer Parkbank bestehen.<\/p>\n<\/div><\/details><\/div>\n\n\n\n<div class=\"wp-block-genesis-blocks-gb-accordion gb-block-accordion\"><details><summary class=\"gb-accordion-title\">Shimon Porcher<\/summary><div class=\"gb-accordion-text\">\n<p><em><strong>Du hast eine Familie, einen Beruf, betreibst nebenher noch Viehzucht und kandidierst bei der Kommunalwahl am 14.M\u00e4rz, was treibt Dich an?<\/strong><\/em><\/p>\n\n\n\n<p>Ghandi hat mal gesagt, dass man die Ver\u00e4nderung, die man sich in der Welt w\u00fcnscht, selbst lostreten muss. Als Gesellschaft stehen wir vor einer Vielzahl von Herausforderungen, die wir perfekt in unserer Kommune l\u00f6sen k\u00f6nnen. Ich liebe den Dialog und h\u00f6re mir gerne immer eine Vielzahl an Meinungen an, um den gemeinsamen Nenner zur finden. Ich bin fest davon \u00fcberzeugt, dass wir uns als Gesellschaft wieder mehr zuh\u00f6ren m\u00fcssen. Deswegen m\u00f6chte ich bei der Kommunalwahl antreten, um verschiedene Lager zu verbinden und gemeinsam Wege zu beschreiten.<\/p>\n\n\n\n<p><em><strong>Welche Ziele sind Dir besonders wichtig?<\/strong><\/em><\/p>\n\n\n\n<p>Mir ist es besonders wichtig mit den Landwirt*innen und Gewerbetreibenden den Austausch zu vertiefen um die Themen regionale Lebensmittelversorgung, Energiewende und Verkehr l\u00f6sungsorientiert anzugehen.<\/p>\n\n\n\n<p><em><strong>Wie siehst Du die zuk\u00fcnftige Welt Deiner Kinder?<\/strong><\/em><\/p>\n\n\n\n<p>Ich w\u00fcnsche mir f\u00fcr meine Kinder, dass Sie die gleichen M\u00f6glichkeiten zur pers\u00f6nlichen Entfaltung und Freiheiten zur Verf\u00fcgung stehen, wie das meiner Generation geg\u00f6nnt war und ist. Insbesondere w\u00fcnsche ich mir, dass sie fr\u00fcher als ihr Vater verstehen, dass das Kaufen von sinnlosen Konsumg\u00fctern nicht gl\u00fccklich macht, sondern die Familie die wichtigste Konstante im Leben ist und wir diese Erde nur geliehen haben und f\u00fcr die n\u00e4chsten Generationen bewahren m\u00fcssen.<\/p>\n\n\n\n<p><em><strong>Welche M\u00f6glichkeiten siehst Du im Lebensmittelhandel, um die Plastikm\u00fcllflut sozialvertr\u00e4glich zu minimieren und auch Discounteink\u00e4ufer zum Mitmachen zu animieren.?<\/strong><\/em><\/p>\n\n\n\n<p>Die L\u00f6sung ist, relativ einfach und liegt auf der Hand. Wenn wir uns z.Bsp. den Bereich Obst &amp; Gem\u00fcse anschauen, in dem die Selbstversorgungsquote bei 30 bis 40 Prozent liegt, k\u00f6nnten regionale Wertsch\u00f6pfungsketten daf\u00fcr sorgen, dass die Discounter einfach auf Plastik verzichten k\u00f6nnen, da die Ware nicht verpackt und weit transportiert werden muss.<\/p>\n\n\n\n<p><em><strong>Was ist f\u00fcr Reinheim aus Deiner Sicht besonders wichtig?<\/strong><\/em><\/p>\n\n\n\n<p>Als Vater von zwei Kindern w\u00fcnsche ich mir nat\u00fcrlich, weniger Schwerlastverkehr durch Reinheim und die angrenzenden Orte.<\/p>\n\n\n\n<p>Au\u00dferdem find ich, dass das Aussterben kleiner Gesch\u00e4fte aufgehalten werden muss und die Innenstadt wiederbelebt wird und an Attraktivit\u00e4t gewinnt sowie Anreize f\u00fcr junge Unternehmer*innen geschaffen werden.<\/p>\n<\/div><\/details><\/div>\n\n\n\n<div class=\"wp-block-genesis-blocks-gb-accordion gb-block-accordion\"><details><summary class=\"gb-accordion-title\">Winfried Rieger<\/summary><div class=\"gb-accordion-text\">\n<p><em><strong>Du kandidierst wieder f\u00fcr die Gr\u00fcnen bei der Kommunalwahl am 14.M\u00e4rz, was treibt Dich an?<\/strong><\/em><\/p>\n\n\n\n<p>Ich finde das oftmals um Probleme herumgeredet wird, auch Partei politisch, dass m\u00f6chte ich gerne \u00e4ndern. Dazu kommt, dass ich ab Juni dieses Jahrs in die passive Phase meiner Alters- Teilzeit eintrete, oder mit klaren Worten, ich kann vorzeitig in Rente gehen. Die gewonnene Zeit m\u00f6chte ich gerne, wenigstens ein St\u00fcck weit, Reinheim und meinen Mitb\u00fcrgern zur Verf\u00fcgung stellen.<\/p>\n\n\n\n<p><em><strong>Welche Themen liegen Dir besonders am Herzen?<\/strong><\/em><\/p>\n\n\n\n<p>Da gibt es Einiges, zum Beispiel der Klimawandel oder die politischen Entwicklungen auf der Welt. Das Abholzen des Regenwaldes, oder die Corona Pandemie mit den damit verbundenen Problemen.<\/p>\n\n\n\n<p>Auf Reinheim bezogen ist es im Moment der LKW- Durchgangsverkehr. Wir GR\u00dcNE stehen f\u00fcr ein durchfahr Verbot. Nicht f\u00fcr eine Umgehungsstra\u00dfe. Aber um dar\u00fcber ernsthaft diskutieren zu k\u00f6nnen, m\u00fcssten erstmal Zahlen auf den Tisch, also eine Verkehrsz\u00e4hlung und eine Auswertung. damit ersichtlich ist, was ge\u00e4ndert werden muss.<\/p>\n\n\n\n<p><strong>Welche Auswirkungen hat die Kommunalwahl Deiner Meinung nach auf die Bundestagswahlen?<\/strong><\/p>\n\n\n\n<p>Meiner Meinung nach kann die Kommunalwahl h\u00f6chstens einen Trend erkennen lassen. Die Reinheimer wissen genau, dass es hierbei um unsere Stadt und unseren Landkreis geht.<\/p>\n\n\n\n<p><strong>Wie schaffen wir es Deiner Meinung nach den, Allen bekannten Themen wie<\/strong><\/p>\n\n\n\n<p><strong>Antidemokratisierung und Klimawandel schneller entgegen zu wirken und wichtige Zwischenziele zu erreichen?<\/strong><\/p>\n\n\n\n<p>Um bei Themen wie Klimawandel etwas zu erreichen, m\u00fcssen wir alle zusammenstehen und mitmachen. Wichtig ist meiner Meinung nach, dass Politiker sich nicht von Lobbyisten Sachverhalte erkl\u00e4ren lassen, sondern sich stattdessen selbst ein Bild von der Sachlage machen.<\/p>\n\n\n\n<p>Das es falsch ist sich von Populisten einfangen zu lassen, hat die USA in den letzten 4 Jahren erfahren m\u00fcssen. Daraus m\u00fcssen wir alle lernen.<\/p>\n\n\n\n<p><em><strong>Welche Themen sind aus Deiner Sicht die wichtigsten f\u00fcr Reinheim am wichtigsten?<\/strong><\/em><\/p>\n\n\n\n<p>Das begonnene \u201eShared Space\u201c Projekt f\u00fcr die Neugestaltung der oberen Darmst\u00e4dter Stra\u00dfe.<\/p>\n<\/div><\/details><\/div>\n\n\n\n<p><\/p>\n","protected":false},"excerpt":{"rendered":"<p>F\u00fcr unsere Wahl-Zeitung habe wir einige Interviews gef\u00fchrt, die hier in ganzer L\u00e4nge zu lesen sind.<\/p>\n","protected":false},"author":5,"featured_media":0,"parent":216,"menu_order":9,"comment_status":"closed","ping_status":"closed","template":"","meta":{"footnotes":""},"class_list":["post-1127","page","type-page","status-publish","hentry"],"_links":{"self":[{"href":"https:\/\/www.gruene-reinheim.de\/index.php?rest_route=\/wp\/v2\/pages\/1127","targetHints":{"allow":["GET"]}}],"collection":[{"href":"https:\/\/www.gruene-reinheim.de\/index.php?rest_route=\/wp\/v2\/pages"}],"about":[{"href":"https:\/\/www.gruene-reinheim.de\/index.php?rest_route=\/wp\/v2\/types\/page"}],"author":[{"embeddable":true,"href":"https:\/\/www.gruene-reinheim.de\/index.php?rest_route=\/wp\/v2\/users\/5"}],"replies":[{"embeddable":true,"href":"https:\/\/www.gruene-reinheim.de\/index.php?rest_route=%2Fwp%2Fv2%2Fcomments&post=1127"}],"version-history":[{"count":3,"href":"https:\/\/www.gruene-reinheim.de\/index.php?rest_route=\/wp\/v2\/pages\/1127\/revisions"}],"predecessor-version":[{"id":1392,"href":"https:\/\/www.gruene-reinheim.de\/index.php?rest_route=\/wp\/v2\/pages\/1127\/revisions\/1392"}],"up":[{"embeddable":true,"href":"https:\/\/www.gruene-reinheim.de\/index.php?rest_route=\/wp\/v2\/pages\/216"}],"wp:attachment":[{"href":"https:\/\/www.gruene-reinheim.de\/index.php?rest_route=%2Fwp%2Fv2%2Fmedia&parent=1127"}],"curies":[{"name":"wp","href":"https:\/\/api.w.org\/{rel}","templated":true}]}}